*k - 4*o + 2399 = -4133, f*k = -o + 3915. What are the prime factors of k?
2, 163
Let s be ((-80)/(-5) - 5)/(-1). Let o(u) = -u**3 - 12*u**2 - 29*u + 12. List the prime factors of o(s).
2, 3, 5, 7
Let n = -315 + 563. What are the prime factors of n - (64/56)/(6/21)?
2, 61
Let b(f) be the first derivative of f**3/3 + f**2/2 + 19*f - 26. List the prime factors of b(36).
7, 193
Suppose -s - 2*s = 4*g, -3*s = -3*g. Suppose u + g*p = p + 69, -3*u = p - 203. Suppose 5*m - u = 42. List the prime factors of m.
2, 11
Let h(b) = -36*b + 932. What are the prime factors of h(-32)?
2, 521
Suppose -q + 3*p + 10617 = 0, -4*q - 800*p = -799*p - 42507. What are the prime factors of q?
2, 3, 7, 11, 23
Let a(n) = n + 3. Let i be a(0). Suppose 2*f - j - 80 = -i*j, -3*f + j + 104 = 0. List the prime factors of f.
2, 3
Let g(v) be the first derivative of 49*v**4/4 + v**3/3 - 11*v**2/2 + 15*v + 4. List the prime factors of g(2).
389
Let i(o) = -5681*o - 859. What are the prime factors of i(-2)?
3, 389
Suppose 0 = -2*s + 2*c, 4*c = 3*s - 4 + 1. Let v be -2 + (s - 0) - -8. Suppose g - 3*d + 5 = 71, 206 = v*g - 5*d. List the prime factors of g.
2, 3
Let g(c) = 3*c + 20. Let i(d) = -12*d**2 + d - 1. Let s be i(1). Let o be g(s). Let w(n) = -n**3 - 16*n**2 - 3*n + 10. What are the prime factors of w(o)?
2, 29
List the prime factors of ((-771)/2)/(3/(-32)).
2, 257
Let w = -42860 - -62224. What are the prime factors of w?
2, 47, 103
Let c(j) = -5382*j - 55. What are the prime factors of c(-2)?
10709
Let k = -59 - -89. List the prime factors of (-18)/k + 0 + 1194/15.
79
Suppose -156585 = -5*f - 2*y, 330*f - 335*f = -2*y - 156585. What are the prime factors of f?
3, 11, 13, 73
Let d(k) = 19*k - 2 - 37*k + 20*k. Let z be d(2). Suppose 0 = -6*f + z*f + 168. List the prime factors of f.
2, 3, 7
Let d(o) = -5*o + 2*o**2 + 2*o + 8*o. Let n be d(-4). Suppose n = -x + 21. What are the prime factors of x?
3
Let h(o) = -20*o**3 + 5*o**2 - 3*o - 21. Let g(q) = q - 1. Let k(c) = -5*g(c) + h(c). List the prime factors of k(-4).
2, 43
Let x(j) = -j**2 + 18*j - 2. Let t be x(15). Let y = -38 + t. What are the prime factors of y/(-25) - (-866)/5?
173
Let y(u) = 0 + 391*u**3 + u**2 - 4 + 58*u**3 + 3*u + 139*u**3. What are the prime factors of y(1)?
2, 3, 7
Suppose 0 = 5*p - 10, -2*g + 4*g - p = 4. Let x(d) = -g - 25 - d**2 - 6*d + 1 + 3*d**2. What are the prime factors of x(8)?
53
Let w(k) = 4572*k - 698. What are the prime factors of w(2)?
2, 41, 103
What are the prime factors of 6*(-2242 + -25)/(3 - 6)?
2, 2267
What are the prime factors of ((-90)/(-21))/(126/1434573)?
3, 5, 3253
Let i be 12 + -19 + 3 - 3. Let u(k) = 9 + 0*k**2 - 9*k - 4*k**2 + 3*k**2. List the prime factors of u(i).
23
Suppose -6*j + 8*j + 15212 = 4*m, -5*j = -4*m + 15206. List the prime factors of m.
2, 3, 317
Let b(p) be the second derivative of p**3/6 - 2*p**2 + 11*p. Let m(k) = 3*k - 11. Let r(x) = -14*b(x) + 4*m(x). List the prime factors of r(-8).
2, 7
Let j be (-4)/(-7) - 6096/(-112). Let n = 22 + -15. Suppose -n*p + j = -2*p. What are the prime factors of p?
11
Let l(m) = -m - 5. Let n be l(4). Let r = n + 3. List the prime factors of (1290/4)/5 - r/4.
2, 3, 11
Let i(g) = -g - 3. Let f(s) = -3*s - 4. Let h(d) = 4*f(d) - 5*i(d). Let b be h(11). Let q = b + 317. List the prime factors of q.
239
Let s(f) = -f**3 - 59*f**2 - 46*f - 83. What are the prime factors of s(-59)?
3, 877
Suppose 2175161 + 85991 - 2722 = 166*n. What are the prime factors of n?
3, 5, 907
Let g = -1759 + 2757. Let i = -669 + g. What are the prime factors of i?
7, 47
Let f = -130253 - -198189. List the prime factors of f.
2, 11, 193
Let l = -16 + 19. Let s be 5 - 18/12*2. Suppose -3*d + 352 = l*g - 44, g - s*d - 117 = 0. List the prime factors of g.
127
Suppose 72*x + 351346 = 1305166 + 332172. What are the prime factors of x?
53, 337
Suppose 0 = 4*s - 24, -2*s + 5923 = 3*p - 10139. What are the prime factors of p?
2, 5, 107
Let o = -120 + 122. Let n be (-366)/(((-4)/(-8)*-6)/o). Let j = -115 + n. What are the prime factors of j?
3, 43
What are the prime factors of (377/26 + -13)*(-245208)/(-18)?
2, 17, 601
Suppose -88*i + 2448576 = 130*i. List the prime factors of i.
2, 3, 13
Let u(s) = 12*s + 1. Let b be u(-1). What are the prime factors of (-605)/b + -1 + -1?
53
Let l(c) = -2*c**3 + 8*c**2 + c + 1. Let k = -17 - -21. Let a be l(k). Suppose a*h - 562 = -32. List the prime factors of h.
2, 53
Let z = 131517 + -62594. List the prime factors of z.
157, 439
Let p(v) = v**3 - 23*v**2 + 55*v + 39. Let o be p(29). Suppose 13*t - o = -1636. What are the prime factors of t?
2, 97
Let w(z) = z**3 + 49*z**2 - 101*z + 354. What are the prime factors of w(-49)?
5303
Let k(t) = 2*t**3 - 14*t**2 - 7*t + 42. Suppose 0 = -20*a - 4*a + 240. What are the prime factors of k(a)?
2, 11, 13
Suppose 5*o - o - 16 = 0. Suppose 2*z = -o*a - 692, -4*a + 31 + 1769 = -5*z. List the prime factors of (2 + 0)*z/(-8).
89
Suppose 3*c - 3060 = 3*u, 5*u - u = -c + 1045. What are the prime factors of c?
5, 41
Let a be (-20)/(-9) + 34/(-153). Suppose 5*n = a*z + 732 + 107, 3*n + 3*z - 495 = 0. What are the prime factors of n?
167
Suppose -5*j + 34137 + 3348 - 735 = 0. List the prime factors of j.
2, 3, 5, 7
Let u = 137 + -138. List the prime factors of (280/100)/(u/(-25)).
2, 5, 7
Suppose 4*i - 91 = -3*i. Suppose -3*t + 1083 = -3*q, -i*t - 4*q = -14*t + 352. What are the prime factors of t?
2, 7, 13
Suppose -5*q + 8 = -7. Suppose 4*m = q*b + 57, 3*b + 4*m = 2*m - 39. Let x = -8 - b. List the prime factors of x.
7
Let l = -314 - 64. Let h = l - -742. What are the prime factors of h?
2, 7, 13
Let z(n) = -7*n + 37. Let l be z(5). Suppose -l*y + 26 = -w + y, 2*y + 62 = -4*w. List the prime factors of (w + 4)/(3/(-12)).
2, 13
List the prime factors of ((-52)/(-30) - (-16)/(-40)) + 1992592/42.
2, 29, 409
Let h(l) = 3*l**2 + 152*l + 459. List the prime factors of h(-99).
2, 3, 823
Let g be 0/((-3)/(1/(-2)*3)). Suppose 2*z + 3*r - 5 = 3*z, -2*z - 4*r = g. What are the prime factors of (-4 - z - -5) + 1 + 53?
3, 19
Suppose 2*o = -o + 42. Let y = 491 + 269. Suppose -o*s = -6*s - y. What are the prime factors of s?
5, 19
Let r = 3665 - 8528. List the prime factors of -1 + r/(-12) + (-7)/28.
2, 101
Let r(u) = -u**3 + 29*u**2 + 73*u - 121. What are the prime factors of r(31)?
2, 5, 11
Let a(r) = 167*r + r**2 + 46 - 96*r - 98*r. List the prime factors of a(-21).
2, 17, 31
Suppose -2*q - 5*q = -24*q. Suppose q = -21*t - 3469 + 11239. What are the prime factors of t?
2, 5, 37
Let h = 21757 + -13301. What are the prime factors of h?
2, 7, 151
Suppose 0 = -5*i - 6*i - 66. Let g be (364/i)/((-12)/(-18)). What are the prime factors of (-4)/26 + (-14756)/g?
2, 3
List the prime factors of (-230)/(-7)*(-3444)/(-123).
2, 5, 23
Let l(w) = -2*w**2 + 49*w - 12. Let p(k) = k + 13. Let q be p(9). List the prime factors of l(q).
2, 7
Suppose i - 3*t - 29850 = 0, -3*i - 5*t + 85344 = -4262. List the prime factors of i.
2, 3, 7, 79
Suppose -3*h - 4*h + 70 = 0. Suppose -100 = -h*d - 0*d. List the prime factors of 628/20 + d/(-25).
31
Suppose 182*k - 946714 - 218605 - 974273 = 0. What are the prime factors of k?
2, 2939
Let h = -4641 - -6764. Let r = 3078 - h. What are the prime factors of r?
5, 191
Suppose 0 = -3*d + 5*z + 1573, -2*d - 4*z = -520 - 536. Let l = d + 34. List the prime factors of l.
2, 5, 7
Let t = -10976 - -16198. List the prime factors of t.
2, 7, 373
Let l be (-50)/(-4) - 45/18. List the prime factors of (10/(-25))/(l/(-425)).
17
Let i be -151*((-20)/5)/4. Let o be (48 - 1) + (1 - 1). Let a = i - o. What are the prime factors of a?
2, 13
Suppose -3*t + 5*i - 18 = 0, t + 10 = -0*i + 3*i. Let s be (3 - t)*-3*2/(-8). Suppose 0 = -8*p + s*p + 900. List the prime factors of p.
2, 3, 5
What are the prime factors of (-77738)/(-8) + (-3)/12?
3, 41, 79
Let g(m) = 11*m - 52. Let t be g(5). Let j(s) = -8*s - 7*s + 790*s**3 - 9 + 9*s**2 - 789*s**t. List the prime factors of j(-10).
41
Suppose 103*d - 9*d - 223016 - 200548 = 0. What are the prime factors of d?
2, 3, 751
Let p = 1391 - 500. List the prime factors of ((-30)/40)/(-3) - p/(-4).
223
Suppose -t + 40098 = 5*o, -120065 = -5*t + 2*o + 80452. What are the prime factors of t?
7, 17, 337
Suppose 0 = -89*j - 31*j + 1034160. List the prime factors of 